{"id":628,"date":"2018-08-16T22:41:53","date_gmt":"2018-08-16T22:41:53","guid":{"rendered":"https:\/\/demo.unicuces.edu.co\/wp\/?page_id=628"},"modified":"2022-04-08T15:19:31","modified_gmt":"2022-04-08T20:19:31","slug":"revista-homotechnia","status":"publish","type":"page","link":"https:\/\/unicuces.edu.co\/principal\/revista-homotechnia\/","title":{"rendered":"Revista HOMOTECHNIA"},"content":{"rendered":"<p>[et_pb_section fb_built=\u00bb1&#8243; fullwidth=\u00bbon\u00bb _builder_version=\u00bb4.16&#8243; background_color_gradient_direction=\u00bb189deg\u00bb background_image=\u00bbhttps:\/\/unicuces.edu.co\/principal\/wp-content\/uploads\/2019\/03\/0-0-Revista-SABERSE-publicaciones-Universidad-Cali-Colombia-2-.jpg\u00bb da_disable_devices=\u00bboff|off|off\u00bb global_colors_info=\u00bb{}\u00bb da_is_popup=\u00bboff\u00bb da_exit_intent=\u00bboff\u00bb da_has_close=\u00bbon\u00bb da_alt_close=\u00bboff\u00bb da_dark_close=\u00bboff\u00bb da_not_modal=\u00bbon\u00bb da_is_singular=\u00bboff\u00bb da_with_loader=\u00bboff\u00bb da_has_shadow=\u00bbon\u00bb][et_pb_fullwidth_header title=\u00bbREVISTA HOMOTECHNIA\u00bb text_orientation=\u00bbcenter\u00bb admin_label=\u00bbFullwidth Header\u00bb _builder_version=\u00bb4.16&#8243; title_font=\u00bb||||||||\u00bb background_color=\u00bbrgba(255, 255, 255, 0)\u00bb title_text_shadow_style=\u00bbpreset1&#8243; title_text_shadow_color=\u00bbrgba(11,31,102,0.69)\u00bb text_shadow_style=\u00bbpreset1&#8243; text_shadow_color=\u00bbrgba(11,31,102,0.67)\u00bb global_colors_info=\u00bb{}\u00bb button_one_text_size__hover_enabled=\u00bboff\u00bb button_two_text_size__hover_enabled=\u00bboff\u00bb button_one_text_color__hover_enabled=\u00bboff\u00bb button_two_text_color__hover_enabled=\u00bboff\u00bb button_one_border_width__hover_enabled=\u00bboff\u00bb button_two_border_width__hover_enabled=\u00bboff\u00bb button_one_border_color__hover_enabled=\u00bboff\u00bb button_two_border_color__hover_enabled=\u00bboff\u00bb button_one_border_radius__hover_enabled=\u00bboff\u00bb button_two_border_radius__hover_enabled=\u00bboff\u00bb button_one_letter_spacing__hover_enabled=\u00bboff\u00bb button_two_letter_spacing__hover_enabled=\u00bboff\u00bb button_one_bg_color__hover_enabled=\u00bboff\u00bb button_two_bg_color__hover_enabled=\u00bboff\u00bb][\/et_pb_fullwidth_header][\/et_pb_section][et_pb_section fb_built=\u00bb1&#8243; _builder_version=\u00bb4.16&#8243; da_disable_devices=\u00bboff|off|off\u00bb global_colors_info=\u00bb{}\u00bb da_is_popup=\u00bboff\u00bb da_exit_intent=\u00bboff\u00bb da_has_close=\u00bbon\u00bb da_alt_close=\u00bboff\u00bb da_dark_close=\u00bboff\u00bb da_not_modal=\u00bbon\u00bb da_is_singular=\u00bboff\u00bb da_with_loader=\u00bboff\u00bb da_has_shadow=\u00bbon\u00bb][et_pb_row _builder_version=\u00bb4.16&#8243; global_colors_info=\u00bb{}\u00bb][et_pb_column type=\u00bb4_4&#8243; _builder_version=\u00bb4.16&#8243; custom_padding=\u00bb|||\u00bb global_colors_info=\u00bb{}\u00bb custom_padding__hover=\u00bb|||\u00bb][et_pb_tabs active_tab_background_color=\u00bb#AB001D\u00bb inactive_tab_background_color=\u00bb#0B1F66&#8243; _builder_version=\u00bb4.17.0&#8243; tab_text_color=\u00bb#ffffff\u00bb tab_font=\u00bb||||||||\u00bb max_width=\u00bb76.7%\u00bb module_alignment=\u00bbcenter\u00bb hover_enabled=\u00bb0&#8243; custom_css_tab=\u00bbwidth: 25%;||text-align: center;\u00bb tab_text_shadow_style=\u00bbpreset2&#8243; border_radii=\u00bbon|10px|10px|10px|10px\u00bb box_shadow_style=\u00bbpreset2&#8243; global_colors_info=\u00bb{}\u00bb custom_css_tab_last_edited=\u00bbon|phone\u00bb custom_css_tab_phone=\u00bbwidth:100%;\u00bb sticky_enabled=\u00bb0&#8243; custom_css_tab_tablet=\u00bbwidth: 25%;||text-align: center;\u00bb][et_pb_tab title=\u00bbINFORMACI\u00d3N GENERAL\u00bb _builder_version=\u00bb4.16&#8243; global_colors_info=\u00bb{}\u00bb]<\/p>\n<p style=\"text-align: justify;\"><span>La Revista Homotechnia, es de publicaci\u00f3n semestral que promueve la reflexi\u00f3n acad\u00e9mica e investigativa en el campo de las organizaciones, la educaci\u00f3n y sus relaciones con la cultura y la sociedad. La edici\u00f3n No. 18, volumen 10, ser\u00e1 un espacio para la divulgaci\u00f3n de contenidos nuevos y originales dirigidos a las comunidades educativas y producido por ellas mismas. La Vicerrector\u00eda Acad\u00e9mica y la Direcci\u00f3n de Investigaciones invitan a docentes, investigadores y miembros de la comunidad acad\u00e9mica nacional e internacional a participar de la convocatoria para publicar art\u00edculos originales e in\u00e9ditos resultado de investigaci\u00f3n en la nueva edici\u00f3n.\u00a0<\/span><\/p>\n<p><img decoding=\"async\" src=\"https:\/\/www.unicuces.edu.co\/principal\/wp-content\/uploads\/images\/imagenes-home\/Publicaciones-Revistas\/homotechnia.png\" style=\"display: block; margin-left: auto; margin-right: auto;\" \/><\/p>\n<p><img decoding=\"async\" src=\"https:\/\/www.unicuces.edu.co\/principal\/wp-content\/uploads\/images\/imagenes-home\/Publicaciones-Revistas\/homo-unicuces.jpg\" style=\"display: block; margin-left: auto; margin-right: auto;\" \/><\/p>\n<p style=\"text-align: center;\"><strong>ISSN: 1900-3870<\/strong><\/p>\n<p>[\/et_pb_tab][et_pb_tab title=\u00bbCONVOCATORIA\u00bb _builder_version=\u00bb4.16&#8243; global_colors_info=\u00bb{}\u00bb]<\/p>\n<p style=\"text-align: justify;\"><span>CONVOCATORIA<\/span><span>\u00a0La Revista Homotechnia, es de publicaci\u00f3n semestral que promueve la reflexi\u00f3n acad\u00e9mica e investigativa en el campo de las organizaciones, la educaci\u00f3n y sus relaciones con la cultura y la sociedad. La edici\u00f3n No. 18, volumen 10, ser\u00e1 un espacio para la divulgaci\u00f3n de contenidos nuevos y originales dirigidos a las comunidades educativas y producido por ellas mismas.<\/span><\/p>\n<p><span>La Vicerrector\u00eda Acad\u00e9mica y la Direcci\u00f3n de Investigaciones invitan a docentes, investigadores y miembros de la comunidad acad\u00e9mica nacional e internacional a participar de la convocatoria para publicar art\u00edculos originales e in\u00e9ditos resultado de investigaci\u00f3n en la nueva edici\u00f3n.<\/span><\/p>\n<p><b>Condiciones b\u00e1sicas de presentaci\u00f3n<\/b><span>\u00a0<\/span><\/p>\n<p><span>Los art\u00edculos presentados deben ser in\u00e9ditos y no haber sido postulados simult\u00e1neamente para publicaci\u00f3n en otra revista u \u00f3rgano editorial. El art\u00edculo debe tener los siguientes requisitos de presentaci\u00f3n: El texto debe estar en formato Microsoft Word para Windows, la extensi\u00f3n debe fluctuar entre 4.000 y 12.000 palabras para todos los art\u00edculos. Todas las p\u00e1ginas deben estar numeradas en orden consecutivo en el extremo inferior derecho. Las p\u00e1ginas del art\u00edculo no deben estar membretadas con el nombre del autor, del art\u00edculo, ni de la instituci\u00f3n a la que pertenece.\u00a0<\/span><\/p>\n<p><span>La recepci\u00f3n de art\u00edculos se har\u00e1 hasta el 10 de agosto de 2017 y deben enviarse al correo:\u00a0<\/span><a href=\"mailto:investigacion@unicuces.edu.co\">investigacion@unicuces.edu.co<\/a><span>.<\/span><\/p>\n<p>[\/et_pb_tab][et_pb_tab title=\u00bbGU\u00cdA PARA AUTORES\u00bb _builder_version=\u00bb4.16&#8243; global_colors_info=\u00bb{}\u00bb]<\/p>\n<p><span style=\"font-size: 14px; text-align: justify;\">Pr\u00f3ximamente estara la Gu\u00eda de Autores disponible.<\/span><span style=\"font-size: 14px;\">\u00a0<\/span><\/p>\n<div><\/div>\n<p>[\/et_pb_tab][et_pb_tab title=\u00bbEDICIONES ANTERIORES\u00bb _builder_version=\u00bb4.16&#8243; global_colors_info=\u00bb{}\u00bb]<\/p>\n<p>Actualmente no se encuentran disponibles las ediciones anteriores.<\/p>\n<p>[\/et_pb_tab][\/et_pb_tabs][\/et_pb_column][\/et_pb_row][\/et_pb_section]<\/p>\n","protected":false},"excerpt":{"rendered":"<p>La Revista Homotechnia, es de publicaci\u00f3n semestral que promueve la reflexi\u00f3n acad\u00e9mica e investigativa en el campo de las organizaciones, la educaci\u00f3n y sus relaciones con la cultura y la sociedad. La edici\u00f3n No. 18, volumen 10, ser\u00e1 un espacio para la divulgaci\u00f3n de contenidos nuevos y originales dirigidos a las comunidades educativas y producido [&hellip;]<\/p>\n","protected":false},"author":14,"featured_media":0,"parent":0,"menu_order":0,"comment_status":"closed","ping_status":"closed","template":"","meta":{"_et_pb_use_builder":"on","_et_pb_old_content":"","_et_gb_content_width":"","footnotes":""},"class_list":["post-628","page","type-page","status-publish","hentry"],"_links":{"self":[{"href":"https:\/\/unicuces.edu.co\/principal\/wp-json\/wp\/v2\/pages\/628","targetHints":{"allow":["GET"]}}],"collection":[{"href":"https:\/\/unicuces.edu.co\/principal\/wp-json\/wp\/v2\/pages"}],"about":[{"href":"https:\/\/unicuces.edu.co\/principal\/wp-json\/wp\/v2\/types\/page"}],"author":[{"embeddable":true,"href":"https:\/\/unicuces.edu.co\/principal\/wp-json\/wp\/v2\/users\/14"}],"replies":[{"embeddable":true,"href":"https:\/\/unicuces.edu.co\/principal\/wp-json\/wp\/v2\/comments?post=628"}],"version-history":[{"count":7,"href":"https:\/\/unicuces.edu.co\/principal\/wp-json\/wp\/v2\/pages\/628\/revisions"}],"predecessor-version":[{"id":11323,"href":"https:\/\/unicuces.edu.co\/principal\/wp-json\/wp\/v2\/pages\/628\/revisions\/11323"}],"wp:attachment":[{"href":"https:\/\/unicuces.edu.co\/principal\/wp-json\/wp\/v2\/media?parent=628"}],"curies":[{"name":"wp","href":"https:\/\/api.w.org\/{rel}","templated":true}]}}