{"id":172,"date":"2018-08-01T16:14:05","date_gmt":"2018-08-01T16:14:05","guid":{"rendered":"https:\/\/demo.unicuces.edu.co\/wp\/?page_id=172"},"modified":"2022-03-28T14:01:53","modified_gmt":"2022-03-28T19:01:53","slug":"proyeccion-social","status":"publish","type":"page","link":"https:\/\/unicuces.edu.co\/principal\/proyeccion-social\/","title":{"rendered":"Proyecci\u00f3n Social"},"content":{"rendered":"\n[et_pb_section fb_built=\u00bb1&#8243; fullwidth=\u00bbon\u00bb _builder_version=\u00bb3.0.89&#8243; background_color_gradient_direction=\u00bb179deg\u00bb background_image=\u00bbhttps:\/\/unicuces.edu.co\/principal\/wp-content\/uploads\/2018\/11\/Proyecci\u00f3n-Social-Universidad-Cali-UNICUCES-2.jpg\u00bb][et_pb_fullwidth_header title=\u00bbPROYECCI\u00d3N SOCIAL\u00bb background_layout=\u00bbdark\u00bb text_orientation=\u00bbcenter\u00bb admin_label=\u00bbFullwidth Header\u00bb _builder_version=\u00bb3.0.89&#8243; title_font=\u00bb||||||||\u00bb title_text_shadow_style=\u00bbpreset1&#8243; title_text_shadow_color=\u00bbrgba(11,31,102,0.64)\u00bb][\/et_pb_fullwidth_header][\/et_pb_section][et_pb_section fb_built=\u00bb1&#8243; _builder_version=\u00bb3.0.47&#8243;][et_pb_row _builder_version=\u00bb3.0.47&#8243; background_size=\u00bbinitial\u00bb background_position=\u00bbtop_left\u00bb background_repeat=\u00bbrepeat\u00bb][et_pb_column type=\u00bb4_4&#8243; _builder_version=\u00bb3.0.47&#8243; parallax=\u00bboff\u00bb parallax_method=\u00bbon\u00bb][et_pb_video src=\u00bbhttps:\/\/www.youtube.com\/watch?v=GDrPlwYYgKI\u00bb _builder_version=\u00bb3.0.89&#8243; max_width=\u00bb50%\u00bb module_alignment=\u00bbcenter\u00bb][\/et_pb_video][et_pb_text _builder_version=\u00bb3.0.89&#8243;]<p style=\"text-align: justify;\"><span>La Proyecci\u00f3n Social se fundamenta en la integraci\u00f3n que existe entre los programas acad\u00e9micos y las condiciones del contexto, a trav\u00e9s de la socializaci\u00f3n y\u00a0 transferencia de los conocimientos que se generan internamente en los procesos de docencia e investigaci\u00f3n y se llevan al entorno.<\/span><\/p>\n<p style=\"text-align: justify;\"><span>En este sentido, la\u00a0<strong>UNICUCES<\/strong>\u00a0busca que la comunidad acad\u00e9mica (Docentes, Estudiantes, Directivos y Egresados) no est\u00e9 ajena a los acontecimientos y transformaciones sociales, econ\u00f3micas, culturales, cient\u00edficas y tecnol\u00f3gicas que se suceden en el contexto, puesto que la formaci\u00f3n t\u00e9cnica profesional, tecnol\u00f3gica y universitaria que se imparte integra, produce y transfiere conocimientos de doble v\u00eda que se realimentan cotidianamente para modificar y transformar el contexto social externo apuntando a soluciones de desarrollo.<\/span><\/p>\n<p style=\"text-align: justify;\"><span>\u00a0<\/span><\/p>\n<p style=\"text-align: justify;\"><span style=\"color: #ab001d;\"><strong>OBJETIVOS<\/strong><\/span><\/p>\n<p style=\"text-align: justify;\"><strong><span>\u00a0<\/span><\/strong><span>\u2022\u00a0\u00a0\u00a0\u00a0\u00a0\u00a0\u00a0\u00a0\u00a0<\/span><span>Propiciar y establecer procesos permanentes de interacci\u00f3n e integraci\u00f3n con agentes y sectores sociales interinstitucionales.<\/span><\/p>\n<p style=\"text-align: justify;\"><span>\u00a0<\/span><span>\u2022\u00a0\u00a0\u00a0\u00a0\u00a0\u00a0\u00a0\u00a0\u00a0<\/span><span>Formar a los estudiantes en el compromiso social \u2013 responsable\u00a0 y transformador de la sociedad.<\/span><\/p>\n<p style=\"text-align: justify;\"><span>\u00a0<\/span><span>\u2022\u00a0\u00a0\u00a0\u00a0\u00a0\u00a0\u00a0\u00a0\u00a0<\/span><span>Mantener vinculados a los egresados en programas de desarrollo comunitario de emprendimiento y educaci\u00f3n continuada.\u00a0<\/span><\/p>\n<p style=\"text-align: justify;\"><span>\u00a0<\/span><\/p>\n<p style=\"text-align: justify;\"><span>\u00a0<\/span><\/p>\n<p style=\"text-align: justify;\"><span style=\"color: #ab001d;\"><strong>ELEMENTOS DE LA PROYECCI\u00d3N SOCIAL<\/strong><strong style=\"font-size: 14px;\">\u00a0<\/strong><\/span><\/p>\n<p style=\"text-align: justify;\"><strong><span>\u00a0<\/span><\/strong><\/p>\n<p style=\"text-align: justify;\"><span>\u00a0 \u00b7\u00a0\u00a0<\/span><strong><span><span style=\"color: #ab001d;\">PRACTICA EMPRESARIAL:<\/span>\u00a0<\/span><\/strong><span>consolidada en los convenios \u00a0que la Instituci\u00f3n establece con las empresas para la vinculaci\u00f3n de estudiantes bajo la modalidad de contratos de aprendizaje y para las visitas empresariales.<\/span><\/p>\n<p style=\"text-align: justify;\"><span>\u00a0<\/span><\/p>\n<p style=\"text-align: justify;\"><span>\u00a0\u00a0<\/span><span>\u00b7\u00a0<\/span><span style=\"color: #ab001d;\"><strong>EDUCACI\u00d3N CONTINUADA:<\/strong><\/span><span>\u00a0Entendida como las actividades de formaci\u00f3n permanente que actualizan a estudiantes y a egresados de los programas y a la comunidad en general.<\/span><\/p>\n<p style=\"text-align: justify;\"><span>\u00a0<\/span><\/p>\n<p style=\"text-align: justify;\"><span>\u00a0 \u00a0 \u00b7\u00a0<\/span><strong><span><span style=\"color: #ab001d;\">VOLUNTARIADO UNIVERSITARIO:<\/span>\u00a0<\/span><\/strong><span>Son las actividades de tipo social, tendientes al apoyo y desarrollo de comunidades con un alto nivel de vulnerabilidad, a partir de un proceso de sensibilizaci\u00f3n con la comunidad acad\u00e9mica, donde se fomenta la participaci\u00f3n y colaboraci\u00f3n desinteresada de estudiantes y profesionales, dirigida a la construcci\u00f3n de pueblos y ciudades comprometidos con su propio crecimiento, permitiendo de este modo inculcar en los futuros profesionales una generaci\u00f3n consciente y decidida a apoyar a las necesidades locales.<\/span><\/p>\n<p style=\"text-align: justify;\"><span>\u00a0<\/span><\/p>\n<p style=\"text-align: justify;\"><span>\u00a0<\/span><span>\u00a0 \u00a0\u00b7\u00a0<\/span><span style=\"color: #ab001d;\"><strong>EGRESADOS:<\/strong><\/span><span>\u00a0La relaci\u00f3n y el seguimiento a los egresados del programa, dado en los procesos de actualizaci\u00f3n permanente de los datos personales y acad\u00e9mica para la evaluaci\u00f3n del impacto, las actividades acad\u00e9micas y de integraci\u00f3n, la bolsa de empleo y la difusi\u00f3n que hace el egresado de la Instituci\u00f3n.<\/span><\/p>\n<p style=\"text-align: justify;\"><span>\u00a0<\/span><\/p>\n<p style=\"text-align: justify;\"><span>\u00a0<\/span><span>\u00b7\u00a0\u00a0<\/span><strong><span><span style=\"color: #ab001d;\">COSULTORIO EMPRESARIAL<\/span>:<\/span><\/strong><span>\u00a0Entendido por las actividades de capacitaci\u00f3n, asesor\u00eda o consultor\u00eda adelantadas por la Instituci\u00f3n para contribuir a la generaci\u00f3n de un comportamiento individual y organizacional responsable a nivel social, econ\u00f3mico, ambiental, coherente con los principios de desarrollo sostenible.<\/span><\/p>\n<p style=\"text-align: justify;\"><span>\u00a0<\/span><\/p>\n<p style=\"text-align: justify;\"><span>Adem\u00e1s dentro de este elemento se cuenta con los proyectos emprendedores de creaci\u00f3n de empresas socialmente responsables formulados y ejecutados desde el proceso de formaci\u00f3n.<\/span><\/p>[\/et_pb_text][\/et_pb_column][\/et_pb_row][\/et_pb_section]\n","protected":false},"excerpt":{"rendered":"<p>La Proyecci\u00f3n Social se fundamenta en la integraci\u00f3n que existe entre los programas acad\u00e9micos y las condiciones del contexto, a trav\u00e9s de la socializaci\u00f3n y\u00a0 transferencia de los conocimientos que se generan internamente en los procesos de docencia e investigaci\u00f3n y se llevan al entorno. En este sentido, la\u00a0UNICUCES\u00a0busca que la comunidad acad\u00e9mica (Docentes, Estudiantes, [&hellip;]<\/p>\n","protected":false},"author":14,"featured_media":0,"parent":0,"menu_order":0,"comment_status":"closed","ping_status":"closed","template":"","meta":{"_et_pb_use_builder":"on","_et_pb_old_content":"","_et_gb_content_width":"","footnotes":""},"class_list":["post-172","page","type-page","status-publish","hentry"],"_links":{"self":[{"href":"https:\/\/unicuces.edu.co\/principal\/wp-json\/wp\/v2\/pages\/172","targetHints":{"allow":["GET"]}}],"collection":[{"href":"https:\/\/unicuces.edu.co\/principal\/wp-json\/wp\/v2\/pages"}],"about":[{"href":"https:\/\/unicuces.edu.co\/principal\/wp-json\/wp\/v2\/types\/page"}],"author":[{"embeddable":true,"href":"https:\/\/unicuces.edu.co\/principal\/wp-json\/wp\/v2\/users\/14"}],"replies":[{"embeddable":true,"href":"https:\/\/unicuces.edu.co\/principal\/wp-json\/wp\/v2\/comments?post=172"}],"version-history":[{"count":4,"href":"https:\/\/unicuces.edu.co\/principal\/wp-json\/wp\/v2\/pages\/172\/revisions"}],"predecessor-version":[{"id":11327,"href":"https:\/\/unicuces.edu.co\/principal\/wp-json\/wp\/v2\/pages\/172\/revisions\/11327"}],"wp:attachment":[{"href":"https:\/\/unicuces.edu.co\/principal\/wp-json\/wp\/v2\/media?parent=172"}],"curies":[{"name":"wp","href":"https:\/\/api.w.org\/{rel}","templated":true}]}}