{"id":16926,"date":"2023-11-24T09:30:33","date_gmt":"2023-11-24T14:30:33","guid":{"rendered":"https:\/\/unicuces.edu.co\/principal\/?page_id=16926"},"modified":"2023-11-30T16:03:50","modified_gmt":"2023-11-30T21:03:50","slug":"ponentes-derecho","status":"publish","type":"page","link":"https:\/\/unicuces.edu.co\/principal\/ponentes-derecho\/","title":{"rendered":"Ponentes Derecho"},"content":{"rendered":"<p>[et_pb_section fb_built=\u00bb1&#8243; fullwidth=\u00bbon\u00bb _builder_version=\u00bb4.22.2&#8243; _module_preset=\u00bbdefault\u00bb custom_margin=\u00bb-65px|||||\u00bb global_colors_info=\u00bb{}\u00bb][et_pb_fullwidth_image title_text=\u00bbLANZAMIENTO OFICIAL DERECHO-08&#8243; _builder_version=\u00bb4.22.2&#8243; _module_preset=\u00bbdefault\u00bb global_colors_info=\u00bb{}\u00bb][\/et_pb_fullwidth_image][\/et_pb_section][et_pb_section fb_built=\u00bb1&#8243; fullwidth=\u00bbon\u00bb _builder_version=\u00bb4.22.2&#8243; _module_preset=\u00bbdefault\u00bb global_colors_info=\u00bb{}\u00bb][et_pb_fullwidth_image src=\u00bbhttps:\/\/unicuces.edu.co\/principal\/wp-content\/uploads\/2023\/11\/LANZAMIENTO-OFICIAL-DERECHO-08-scaled.jpg\u00bb title_text=\u00bbLANZAMIENTO OFICIAL DERECHO-08&#8243; _builder_version=\u00bb4.22.2&#8243; _module_preset=\u00bbdefault\u00bb custom_margin=\u00bb57px||0px||false|false\u00bb global_colors_info=\u00bb{}\u00bb][\/et_pb_fullwidth_image][\/et_pb_section][et_pb_section fb_built=\u00bb1&#8243; _builder_version=\u00bb4.22.2&#8243; _module_preset=\u00bbdefault\u00bb global_colors_info=\u00bb{}\u00bb][et_pb_row column_structure=\u00bb1_2,1_2&#8243; _builder_version=\u00bb4.22.2&#8243; _module_preset=\u00bbdefault\u00bb custom_margin=\u00bb-45px|auto||auto||\u00bb global_colors_info=\u00bb{}\u00bb][et_pb_column type=\u00bb1_2&#8243; _builder_version=\u00bb4.22.2&#8243; _module_preset=\u00bbdefault\u00bb global_colors_info=\u00bb{}\u00bb][et_pb_image src=\u00bbhttps:\/\/unicuces.edu.co\/principal\/wp-content\/uploads\/2023\/11\/Doctor-CARLOS-AUGUSTO-OVIEDO.jpg\u00bb title_text=\u00bbDoctor CARLOS AUGUSTO OVIEDO\u00bb _builder_version=\u00bb4.22.2&#8243; _module_preset=\u00bbdefault\u00bb width=\u00bb99.2%\u00bb custom_margin=\u00bb|59px||||\u00bb global_colors_info=\u00bb{}\u00bb][\/et_pb_image][\/et_pb_column][et_pb_column type=\u00bb1_2&#8243; _builder_version=\u00bb4.22.2&#8243; _module_preset=\u00bbdefault\u00bb global_colors_info=\u00bb{}\u00bb][et_pb_heading title=\u00bbDOCTOR. CARLOS AUGUSTO OVIEDO\u00bb _builder_version=\u00bb4.22.2&#8243; _module_preset=\u00bbdefault\u00bb title_font=\u00bb|700|||||||\u00bb hover_enabled=\u00bb0&#8243; global_colors_info=\u00bb{}\u00bb custom_margin=\u00bb||10px|||\u00bb sticky_enabled=\u00bb0&#8243;][\/et_pb_heading][et_pb_text _builder_version=\u00bb4.22.2&#8243; _module_preset=\u00bbdefault\u00bb text_font=\u00bb|300|||||||\u00bb text_orientation=\u00bbjustified\u00bb global_colors_info=\u00bb{}\u00bb]<\/p>\n<p>Abogado y catedr\u00e1tico de la Pontificia Universidad Javeriana, es Profesor de Derecho Constitucional, Derecho Internacional P\u00fablico, Derecho Penal. Cuenta con un Master en Derecho Penal e Internacional de la Universit\u00e1 Degli Studi Di Torino, Italia; \u2013 con \u00e9nfasis en cr\u00edmenes de lesa humanidad, cr\u00edmenes de guerra, genocidio y protecci\u00f3n de los derechos humanos, un Master en International Organizations \u2013 United Nations Staff College; y un M\u00e1ster en An\u00e1lisis de Problemas Pol\u00edticos, Econ\u00f3micos e Internacionales Contempor\u00e1neos, Universidad Externado de Colombia y Scienspo \u2013 Paris. Tambi\u00e9n obtuvo una especializaci\u00f3n en Derecho Penal Econ\u00f3mico de la Universidad de Castilla-La Mancha, Espa\u00f1a., con m\u00e1s de 25 a\u00f1os de experiencia profesional en cargos directivos en Banca (Grupo Bancolombia y Grupo Aval) y en Gobierno (sector Justicia, Defensa y Hacienda). Reconocido en c\u00edrculos acad\u00e9micos, gremiales financieros, de alto gobierno en Colombia y Latam y multilaterales como experto en prevenci\u00f3n, detecci\u00f3n, control y administraci\u00f3n del riesgo de lavado de dinero, gobierno corporativo, control interno, penal econ\u00f3mico, penal internacional, DDHH, DIH, pol\u00edticas de drogas, por cuanto ha obrado como Procurador Delegado para Fuerza P\u00fablica (FFMM + Polic\u00eda), Director General Pol\u00edticas de Drogas y Estupefacientes. Ministerio de Justicia &#8211; \u201cpolicy maker\u201d, Oficial de cumplimiento de Bancolombia y Banco Avvillas, pionero, desde 1994. (Cargo de nivel Vicepresidente), Asesor del Director General de la DIAN y de ITRC.<\/p>\n<p>[\/et_pb_text][\/et_pb_column][\/et_pb_row][et_pb_row column_structure=\u00bb1_2,1_2&#8243; _builder_version=\u00bb4.22.2&#8243; _module_preset=\u00bbdefault\u00bb global_colors_info=\u00bb{}\u00bb][et_pb_column type=\u00bb1_2&#8243; _builder_version=\u00bb4.22.2&#8243; _module_preset=\u00bbdefault\u00bb global_colors_info=\u00bb{}\u00bb][et_pb_image src=\u00bbhttps:\/\/unicuces.edu.co\/principal\/wp-content\/uploads\/2023\/11\/2Recurso-3-8.png\u00bb title_text=\u00bb2Recurso 3-8&#8243; _builder_version=\u00bb4.22.2&#8243; _module_preset=\u00bbdefault\u00bb width=\u00bb99.2%\u00bb custom_margin=\u00bb|59px||||\u00bb global_colors_info=\u00bb{}\u00bb][\/et_pb_image][\/et_pb_column][et_pb_column type=\u00bb1_2&#8243; _builder_version=\u00bb4.22.2&#8243; _module_preset=\u00bbdefault\u00bb global_colors_info=\u00bb{}\u00bb][et_pb_heading title=\u00bbDOCTOR. DIEGO LE\u00d3N G\u00d3MEZ MART\u00cdNEZ\u00bb _builder_version=\u00bb4.22.2&#8243; _module_preset=\u00bbdefault\u00bb title_font=\u00bb|700|||||||\u00bb global_colors_info=\u00bb{}\u00bb][\/et_pb_heading][et_pb_text _builder_version=\u00bb4.22.2&#8243; _module_preset=\u00bbdefault\u00bb text_font=\u00bb|300|||||||\u00bb text_font_size=\u00bb16px\u00bb text_orientation=\u00bbjustified\u00bb global_colors_info=\u00bb{}\u00bb custom_margin=\u00bb-15px|||||\u00bb]<\/p>\n<p>Magistrado del Tribunal Contencioso Administrativo del Valle del Cauca<\/p>\n<p>Abogado y Magister en Derecho, Universidad Santiago de Cali.<\/p>\n<p>Master in Global Rule of Law and Constitutional Democracy, Universidad de G\u00e9nova<\/p>\n<p>Doctor en Derecho, Universidad Aut\u00f3noma de Nuevo Le\u00f3n.<\/p>\n<p>[\/et_pb_text][\/et_pb_column][\/et_pb_row][et_pb_row column_structure=\u00bb1_2,1_2&#8243; _builder_version=\u00bb4.22.2&#8243; _module_preset=\u00bbdefault\u00bb global_colors_info=\u00bb{}\u00bb][et_pb_column type=\u00bb1_2&#8243; _builder_version=\u00bb4.22.2&#8243; _module_preset=\u00bbdefault\u00bb global_colors_info=\u00bb{}\u00bb][et_pb_image src=\u00bbhttps:\/\/unicuces.edu.co\/principal\/wp-content\/uploads\/2023\/11\/2Recurso-4-8.png\u00bb title_text=\u00bb2Recurso 4-8&#8243; _builder_version=\u00bb4.22.2&#8243; _module_preset=\u00bbdefault\u00bb global_colors_info=\u00bb{}\u00bb][\/et_pb_image][\/et_pb_column][et_pb_column type=\u00bb1_2&#8243; _builder_version=\u00bb4.22.2&#8243; _module_preset=\u00bbdefault\u00bb global_colors_info=\u00bb{}\u00bb][et_pb_heading title=\u00bbDOCTOR. JORGE RESTREPO FONTALVO\u00bb _builder_version=\u00bb4.22.2&#8243; _module_preset=\u00bbdefault\u00bb title_font=\u00bb|700|||||||\u00bb global_colors_info=\u00bb{}\u00bb][\/et_pb_heading][et_pb_text _builder_version=\u00bb4.22.2&#8243; _module_preset=\u00bbdefault\u00bb text_font=\u00bb|300|||||||\u00bb text_font_size=\u00bb15px\u00bb text_orientation=\u00bbjustified\u00bb global_colors_info=\u00bb{}\u00bb]<\/p>\n<p>Conjuez de la Sala de Casaci\u00f3n Penal<\/p>\n<p>Abogado y maestro en Criminolog\u00eda, doctor en Derecho y Criminolog\u00eda de la Universidad Externado de Colombia, Magister en Psicolog\u00eda Criminal de State University Of New York at Albany. Con m\u00e1s de cuarenta a\u00f1os de experiencia como profesor universitario, a nivel de pregrado y posgrado, e investigador Senior en Derecho Penal, Criminolog\u00eda y Derecho Constitucional, Tratadista, autor de una docena de Libros y considerable n\u00famero de art\u00edculos acad\u00e9micos, Ex \u2013 Decano de dos facultades de Derecho; ex \u2013 Conjuez de la Corte Constitucional de Colombia.<\/p>\n<p>[\/et_pb_text][\/et_pb_column][\/et_pb_row][et_pb_row _builder_version=\u00bb4.22.2&#8243; _module_preset=\u00bbdefault\u00bb global_colors_info=\u00bb{}\u00bb][et_pb_column type=\u00bb4_4&#8243; _builder_version=\u00bb4.22.2&#8243; _module_preset=\u00bbdefault\u00bb global_colors_info=\u00bb{}\u00bb][et_pb_button button_url=\u00bbhttps:\/\/unicuces.edu.co\/principal\/\u00bb button_text=\u00bbIr a la P\u00e1gina principal\u00bb button_alignment=\u00bbcenter\u00bb _builder_version=\u00bb4.22.2&#8243; _module_preset=\u00bbdefault\u00bb custom_button=\u00bbon\u00bb button_text_color=\u00bb#FFFFFF\u00bb button_bg_color=\u00bb#0B1F66&#8243; button_border_color=\u00bb#FFFFFF\u00bb button_border_radius=\u00bb83px\u00bb button_font=\u00bb|700|||||||\u00bb button_icon=\u00bb&#x52;||divi||400&#8243; button_icon_color=\u00bb#FFFFFF\u00bb global_colors_info=\u00bb{}\u00bb][\/et_pb_button][\/et_pb_column][\/et_pb_row][\/et_pb_section]<\/p>\n","protected":false},"excerpt":{"rendered":"<p>Abogado y catedr\u00e1tico de la Pontificia Universidad Javeriana, es Profesor de Derecho Constitucional, Derecho Internacional P\u00fablico, Derecho Penal. Cuenta con un Master en Derecho Penal e Internacional de la Universit\u00e1 Degli Studi Di Torino, Italia; \u2013 con \u00e9nfasis en cr\u00edmenes de lesa humanidad, cr\u00edmenes de guerra, genocidio y protecci\u00f3n de los derechos humanos, un Master [&hellip;]<\/p>\n","protected":false},"author":14,"featured_media":0,"parent":0,"menu_order":0,"comment_status":"closed","ping_status":"closed","template":"","meta":{"_et_pb_use_builder":"on","_et_pb_old_content":"","_et_gb_content_width":"","footnotes":""},"class_list":["post-16926","page","type-page","status-publish","hentry"],"_links":{"self":[{"href":"https:\/\/unicuces.edu.co\/principal\/wp-json\/wp\/v2\/pages\/16926","targetHints":{"allow":["GET"]}}],"collection":[{"href":"https:\/\/unicuces.edu.co\/principal\/wp-json\/wp\/v2\/pages"}],"about":[{"href":"https:\/\/unicuces.edu.co\/principal\/wp-json\/wp\/v2\/types\/page"}],"author":[{"embeddable":true,"href":"https:\/\/unicuces.edu.co\/principal\/wp-json\/wp\/v2\/users\/14"}],"replies":[{"embeddable":true,"href":"https:\/\/unicuces.edu.co\/principal\/wp-json\/wp\/v2\/comments?post=16926"}],"version-history":[{"count":11,"href":"https:\/\/unicuces.edu.co\/principal\/wp-json\/wp\/v2\/pages\/16926\/revisions"}],"predecessor-version":[{"id":17003,"href":"https:\/\/unicuces.edu.co\/principal\/wp-json\/wp\/v2\/pages\/16926\/revisions\/17003"}],"wp:attachment":[{"href":"https:\/\/unicuces.edu.co\/principal\/wp-json\/wp\/v2\/media?parent=16926"}],"curies":[{"name":"wp","href":"https:\/\/api.w.org\/{rel}","templated":true}]}}